6). Let v be (m/(-12) - 3)*-402. Let s = v + -172. Calculate the highest common factor of s and 12.
12
Let i = -137 - -140. Let z be 51/((i - 4) + 2). Calculate the greatest common factor of 561 and z.
51
Let p(t) = 8*t**3 + 713*t**2 + 85*t - 221. Let v be p(-89). Let h be 4/(-10) - 544/(-10). What is the highest common factor of v and h?
27
Suppose -5220 = -25*t + 2480. What is the greatest common factor of t and 44?
44
Let m = 16 + -10. Let f(i) = -i - 1. Let l be f(-3). Let x = 20 - l. What is the highest common divisor of m and x?
6
Let y = -39 - -73. Let q = 36 - y. Suppose q*o = 7*o - 765. Calculate the highest common factor of o and 17.
17
Let s = -19 - -44. Let l = 8 + -5. Suppose -d - 3*f - 815 = -5*d, -575 = -l*d - 5*f. What is the highest common divisor of d and s?
25
Let g = -2 - -4. Let n(w) = 5*w + 2. Let b be (0/(-2))/(5 + -3). Let t be n(b). Calculate the greatest common divisor of t and g.
2
Suppose -15*a + 254 = -271. What is the greatest common factor of a and 945?
35
Let l be (-6)/(-15) - (-48)/(-20). Let h be l + 6 - 3*(-8)/12. What is the greatest common divisor of 12 and h?
6
Let p(o) = -45*o + 60. Let k be p(-9). What is the greatest common factor of 15 and k?
15
Let i = -603 - -722. What is the greatest common factor of 102 and i?
17
Let d(s) = 5*s**2 - 2*s - 1. Let n be d(-2). Suppose x - 58 - n = 0. Let h = x + -53. What is the highest common factor of h and 14?
14
Let d(j) = 128*j**2 + 5*j - 9. Let n be d(2). Calculate the greatest common factor of n and 114.
57
Let o be (-264)/(-42)*7/2. What is the highest common divisor of o and 121?
11
Let r(k) = -137*k - 135. Let d be r(-1). Calculate the highest common divisor of d and 134.
2
Let s = 6 - -4. Let o = 12 + -8. Suppose 0 = 2*m + 2*f - 4, 8 + 24 = 4*m - o*f. What is the highest common divisor of m and s?
5
Suppose 23 - 149 = -7*v. Suppose -2*t - 4*c = -v, -3*t + c + 17 = 2*c. What is the greatest common factor of 55 and t?
5
Let c be (0 - -2)/1 + 30. Suppose -4*b + 8 = -5*b. Let d(r) = 7*r + 64. Let l be d(b). What is the greatest common divisor of l and c?
8
Suppose -4*w + 1695 = 3*c, -237 - 607 = -2*w + 2*c. Calculate the greatest common divisor of 72 and w.
9
Suppose -1285*k + 1277*k = -2400. Calculate the greatest common factor of k and 320.
20
Let g(c) = 11 - 3 + c**3 - 19*c - 2 + 12 - 15*c**2. Let i be g(17). Calculate the greatest common divisor of i and 39.
39
Suppose 3*z = 5*o + 299, -576 = -4*z - 3*o - 187. What is the greatest common divisor of 126 and z?
14
Let d = 23 + -17. Let s be d/(-2) - (3 - 8). Suppose 54 = s*y - 26. Calculate the greatest common divisor of y and 8.
8
Let r(h) = 2*h - 9. Let z be r(6). Suppose z*d + 4 = f + d, d = -2*f + 23. What is the highest common divisor of f and 4?
2
Let s be (-9)/((18/42)/(-1)). What is the highest common factor of s and 14?
7
Let z = -1545 - -1555. Calculate the highest common divisor of z and 505.
5
Let m(d) = d**2 - 20*d + 20. Let f be m(20). Suppose -5*n = 2*n - 1120. Calculate the highest common factor of f and n.
20
Let p be (-37)/((-2331)/(-28)) - (-9616)/9. What is the highest common factor of 89 and p?
89
Suppose -3*l + 160 = 13*l. What is the highest common divisor of l and 35?
5
Suppose -62 - 106 = -2*p. Let n = p + -47. Let w = n - 29. What is the highest common divisor of 8 and w?
8
Let u = -16 + 21. Let l = 13 - u. What is the highest common divisor of 2 and l?
2
Let y(d) = 16*d + 2. Let j be y(1). Suppose 7*v = -j + 158. Calculate the highest common divisor of v and 4.
4
Let o = -1385 + 1414. Calculate the greatest common factor of o and 609.
29
Suppose -10*o - 5460 = -22*o. Let f = -160 + o. Calculate the highest common factor of f and 118.
59
Let q be (-8)/10 - (-1)/(-5). Let k be q + 5/(-10)*-98. What is the greatest common divisor of k and 24?
24
Suppose 99*p - 96*p = 5*i - 41, -5*i + 5*p = -45. Calculate the highest common factor of 23 and i.
1
Let i be (-82)/(-7) + 6/21. Let a = 33 - i. What is the highest common divisor of 7 and a?
7
Suppose 0 = 3*q + 4*n - 112, 17*n - 16*n - 181 = -5*q. What is the greatest common factor of q and 207?
9
Let d be ((-32)/12)/(-2) - 374/(-3). What is the greatest common divisor of d and 189?
63
Let s be 3 + 400 - (-2)/(-4)*-4. What is the greatest common factor of 15 and s?
15
Suppose 0 = -2*l + 6*l - 168. Let v(f) = -6*f - 1. Let c be v(4). Let q = c + 53. What is the highest common divisor of l and q?
14
Let q be 12/(4 - 2) + 2. Suppose t - q = -i, t = 3*t + 4*i - 26. Suppose 0 = 4*r + 4*k - 88, -5*k + 59 = t*r - 3. What is the greatest common factor of 8 and r?
8
Suppose 0 = -2*r + 8, 4*q - r + 275 - 27 = 0. Let j = -47 - q. Suppose 2*m + n = 74, 3*n - n = 8. Calculate the highest common factor of j and m.
7
Let l be -5*3/(-7 - -4). Suppose -l*z + 45 + 5 = 0. Suppose -3*r + 2*r = -10. What is the greatest common divisor of r and z?
10
Let g = 951 - 746. What is the highest common divisor of 164 and g?
41
Let n be (-128)/(-192) - (-37)/3. Let z = 152 + -100. What is the highest common divisor of z and n?
13
Let u = -203 - -231. Calculate the highest common factor of 63 and u.
7
Suppose -p + 0 = -3, 48 = 3*m + 5*p. Calculate the greatest common factor of 99 and m.
11
Suppose -44*l = -4045 - 5811. Calculate the greatest common factor of l and 160.
32
Let c be (-4)/(16/(-12)) - -9. Suppose -q - c = -3*q. Calculate the greatest common factor of q and 30.
6
Suppose 1716 = -3*f + 15*f. Suppose -3*d = -4*x + f, 2*x + 0*d - 79 = 3*d. Calculate the highest common factor of x and 160.
32
Suppose -5*q + 4*c = 0, 2*q + 3*q = -4*c. Suppose q - 10 = -f. Calculate the greatest common factor of 270 and f.
10
Let r be (2 - -5) + -3 - -3. Let t be 149/r - 2/7. Calculate the highest common factor of 168 and t.
21
Let a = 1351 + -1350. What is the highest common divisor of a and 277?
1
Suppose 3*f - 245 = f - 3*t, -f - 5*t = -140. Calculate the greatest common factor of f and 345.
115
Let l(w) = 10*w**2 + 37*w - 197. Let r be l(5). Calculate the highest common factor of 70 and r.
14
Let g be (8 - 7)/((-2)/4). Let q be (3 + -3 - -2)/(g/(-6)). Calculate the highest common divisor of 102 and q.
6
Suppose 0*p = 2*p + 2*b - 18, 3*b + 3 = 0. Let g be 18/30 - (-594)/p. What is the greatest common factor of 24 and g?
12
Let w(x) = -67*x - 17. Let a be w(1). Let q = 108 + a. What is the greatest common divisor of 264 and q?
24
Suppose -2 - 158 = -4*d. Let w be (d/12)/5*3. What is the highest common divisor of 2 and w?
2
Let y = -66 - -33. Let w = y + 51. Calculate the greatest common divisor of w and 9.
9
Let n(z) = z**3 + 16*z**2 - 28*z - 34. Let q be n(-17). What is the greatest common factor of q and 102?
51
Suppose -14*n + 32130 = 16*n. Calculate the highest common divisor of 204 and n.
51
Let a be 12/8*(0 - 1096/(-6)). Let v = a - 184. What is the greatest common divisor of 15 and v?
15
Suppose -4*q = -5*q + 5, -5*n + q = -80. Calculate the greatest common factor of 731 and n.
17
Let d = -91 + -35. Let x be 492/7 + 6/d*6. Calculate the greatest common divisor of 14 and x.
14
Suppose 12 = -3*u, 5*v - 59 = -3*u + 44. Let k = v + -10. Let c be (-834)/(-8) - (-1)/(-4). Calculate the highest common divisor of c and k.
13
Let v be (-4 - (-42)/9)*-18. Let x be 5/2*v/(-10). Suppose -288 = -x*m - 5*m. What is the greatest common factor of 24 and m?
12
Let h = 89 + -52. Let a = -28 + h. Suppose -a*b = -3*b - 210. What is the highest common factor of b and 14?
7
Let m be 1*(-4)/8*-2*4. Suppose -112 = -4*u - 5*k - 0*k, m*u - 112 = -k. Calculate the greatest common factor of 308 and u.
28
Let m = 148 - 98. Let l be (m/4)/(1/2). What is the greatest common divisor of l and 275?
25
Suppose 4*r + 15 = 5*r - k, -93 = -5*r - 4*k. Calculate the greatest common factor of r and 17.
17
Let y = -56 + 59. Suppose 3*v + 0*v = 2*r - 23, 3*r + y*v = 12. Let h(j) = 27*j**3 + j**2. Let w be h(1). What is the highest common factor of w and r?
7
Suppose -g + 12*o = 13*o - 15, 4*g - 2*o = 54. What is the greatest common divisor of 63 and g?
7
Let g(n) be the first derivative of 5*n - 1/2*n**2 + 3. Let r be g(-5). Calculate the highest common divisor of 10 and r.
10
Suppose -2*h - 4*d = 2, -d - 15 = 4*d. Let k be (-19 - 1)*((-9)/6 - 0). Calculate the highest common factor of h and k.
5
Let o be ((-56)